4)
1
What is (12 - 7) + -2 + 0 + -4?
-1
-2 + (2 - (3 + 3)) + 9
3
0 + -3 + (6 - (4 - 0))
-1
0 + (-8 + 8 - -5)
5
2 - (10 + -9 + 2)
-1
What is (0 + 10 - 11) + (-4 - 0)?
-5
Calculate -7 + (-7 - -4 - (-1 + -2)).
-7
What is -1 - -3 - (4 - 3)?
1
What is the value of 0 - (-17 + 9 + 1)?
7
What is the value of (-5 - -2) + 0 - -5?
2
What is the value of 7 + (-5 - 2 - -5)?
5
Evaluate -3 + (-7 - -6) + 1.
-3
What is the value of 7 + (4 - 7) - (1 + -1)?
4
Evaluate (1 - 11) + 8 + -3 + 0.
-5
0 + 4 + -4 + 7 + -1
6
Calculate (-8 - -1) + (-12 - -14).
-5
Calculate (9 - (-9 - -8 - -8)) + -6.
-4
What is -4 + 0 + 1 - -4 - -3?
4
What is (0 - (3 - -2)) + 2?
-3
What is -9 + (4 - -12) + 0?
7
Calculate 9 + -7 + -4 - -8.
6
Evaluate -3 - -1 - (-5 + 2).
1
Evaluate -1 - (5 + 2 + -8) - -4.
4
What is (1 + 0 - -3) + -2?
2
(3 + 0 - (-20 + 22)) + -1
0
What is (2 - 1 - 8) + 181 + -174?
0
What is the value of 0 + -17 + -5 + 15?
-7
0 + 3 + (3 - 1) - 8
-3
What is the value of 0 + 2 + -9 + 6?
-1
2 - 0 - 9 - -5
-2
What is the value of 15 + -6 + (-6 - 0) - 0?
3
What is 1 + (1 - -7 - 10)?
-1
Calculate 15 + -9 + -5 - 2.
-1
What is 4 - (-1 + 1 - (2 - 1))?
5
Evaluate 5 - 2 - (9 - 11).
5
What is 10 + -3 - 15 - -12?
4
Calculate -6 - (-10 - (7 - 16)).
-5
Evaluate 11 + (-9 - (3 + 6 + -12)).
5
Calculate -3 - -1 - ((-3 - -1) + -1).
1
Evaluate -22 + 18 - (4 - 5).
-3
Calculate 3 + (-3 + -2 - -2).
0
What is -5 + (2 + 2 - 4 - -3)?
-2
What is the value of (2 - 7) + -8 - -23?
10
What is -3 + (-3 - (3 + -4 - 0))?
-5
What is (1 - (0 + -6 - -1)) + -8?
-2
Evaluate (0 - 15 - (19 - 24)) + 3.
-7
What is -1 - (19 - 8 - 9)?
-3
14 + -10 - ((7 - 2) + 1)
-2
-11 + 6 - -9 - 2
2
What is (7 - -1) + (7 - (20 + -9))?
4
Evaluate -6 + 10 + -4 + 3 - -4.
7
Calculate -3 + 1 + 0 - 0.
-2
-4 + 10 + -1 + (-18 - -17)
4
What is (-6 - -5 - -9) + (2 - 18)?
-8
What is the value of 3 + 0 + -5 - 2?
-4
Evaluate -2 + -4 + 2 + 0 - -1.
-3
Calculate -5 + (25 - 4) + -10.
6
What is 0 - (1 + -6 + 4)?
1
Evaluate -22 - -31 - (6 - -1).
2
-1 + 5 - 3 - (1 - 4)
4
What is (7 - 1) + (1 - (7 - 3))?
3
Evaluate 5 - (-3 - -3 - -3).
2
-1 + 10 - (-10 + 8)
11
What is the value of -2 + (3 - 3) + -2?
-4
Calculate 92 - 86 - (13 - -1).
-8
Calculate (11 - 13) + -1 - (-8 - -1).
4
What is -11 + (2 - (5 + -4))?
-10
Calculate -2 - (3 - 1 - -5 - 12).
3
-5 + (0 - 0) + 2 + 0
-3
What is the value of -3 + 12 - (10 - 5) - 2?
2
Evaluate 6 + -17 + (14 - 3).
0
-4 + (4 - (1 - -5) - -1)
-5
Evaluate -3 + -3 - -4 - (3 - 6).
1
What is the value of -4 + 8 + -7 + 2?
-1
Evaluate 6 + -1 + 8 + (11 - 21).
3
Evaluate (5 - 10) + 4 + 0.
-1
Calculate -5 + 2 + -2 - 2 - 0.
-7
3 + (1 - (1 + (-6 - -5)))
4
Evaluate -5 - (8 - 17) - 5.
-1
Calculate 0 - (3 + -11 + 15).
-7
Calculate (-4 - -9) + -3 + -4.
-2
What is (1 - 6 - -7) + 0?
2
Calculate -1 + 3 + -6 - -5.
1
What is the value of (-2 + 0 - (-30 - -27)) + 7?
8
What is the value of 4 - (-2 + 2 + 1)?
3
What is the value of 2 + 0 - (44 + -47)?
5
Evaluate 0 - (-2 + 1 - (2 - 1)).
2
What is -4 - (-4 - (2 + -1))?
1
What is (2 + -1 - 3) + (3 - 5)?
-4
What is -5 - 0 - ((-21 - -19) + 5)?
-8
Calculate -3 - 2 - (-2 + -2) - 2.
-3
What is 2 + 1 + -4 + (-3 - -4)?
0
Calculate 2 + 0 + (6 - 7) - 0.
1
-4 + -5 - -4 - (-1 - 1)
-3
What is the value of -5 + 2 - (-2 - 0)?
-1
Calculate 4 - (2 + 1 + 4 + -8).
5
Calculate -8 + -7 + (18 - -2).
5
What is (9 - (1 - -3)) + (-3 - 11)?
-9
Evaluate -3 - ((6 - 5) + (2 - 2)).
-4
2 - (0 + -6 + 4 + 6)
-2
11 + (-40 + 34 - (0 + -1))
6
What is the value of (0 - -4) + 6 + -10?
0
What is the value of 2 - ((-2 - -2) + -3 - -4)?
1
What is 15 - 16 - (3 - 1)?
-3
-1 + -1 - (2 - 10)
6
Evaluate 1 + -1 + (4 - 8) + 7.
3
-10 - (-6 - 0 - 2)
-2
What is -4 - ((7 - 7) + -2)?
-2
Evaluate -1 + -2 + 0 + -1 + 0.
-4
Calculate 0 - (9 + -2) - (-1 - -1).
-7
-1 - (-2 + -3) - 9
-5
(-3 - -2 - -2) + 1 + -3
-1
5 - (-2 - -1) - (-2 + 2)
6
What is the value of -10 + -7 + (2 - -15)?
0
What is -9 - -12 - (-1 - -1) - 1?
2
What is the value of -6 + (6 - -2) - (1 - 1)?
2
Calculate 0 + 11 - (5 + -20 + 18).
8
6 + -1 + 1 - 4 - -2
4
(-1 - -3) + 6 + -11 + 4
1
Evaluate 5 + -3 - (1 - -5).
-4
Calculate (0 - (-2 + -1)) + (-12 - -10).
1
What is the value of 4 + 0 + -2 + 52 + -54?
0
What is the value of (-3 - -7) + (1 - 9)?
-4
Evaluate -5 + 10 + -2 + -5.
-2
(-4 - 1) + 55 + -56
-6
What is the value of 8 + -2 + (0 - -2) + -3?
5
-1 + (-5 - -4 - (0 - 4))
2
-3 + (0 - (-2 - 4))
3
Calculate -6 + 3 - (1 - 3).
-1
Calculate 5 - (-4 + (12 - 8)).
5
Evaluate -7 + 0 + 12 + 2.
7
(-9 - -10) + (1 - -4)
6
-6 - -2 - -4 - 5
-5
What is the value of 5 + -1 + -6 + 0?
-2
Calculate (8 - (-8 + 25)) + 6.
-3
What is -6 + 8 - 3 - -2?
1
Calculate 22 - 7 - 12 - (6 + 0).
-3
Evaluate -4 - (-6 - (3 + -10)).
-5
What is the value of 1 + 0 - (8 + (10 - 20))?
3
What is -3 - ((-1 - 4) + 4)?
-2
Evaluate (-6 - -3) + (-2 - -12) + -1.
6
Calculate (-2 - 1) + -3 + 2 + 8.
4
-5 + (-8 - (-3 + -11))
1
What is 1 + (1 - (5 + 1 - 3))?
-1
Calculate 0 + (0 + (2 - 3) - -8).
7
Calculate -2 - (3 - -3) - (-1 + -2).
-5
Evaluate -8 - (0 + -8 + 2 - 0).
-2
What is the value of (-10 + 20 - 9) + -1?
0
Calculate 0 - -7 - 0 - 10.
-3
6 - (-1 + 0 + (3 - 1))
5
Calculate 1 - (1 + 2 + 2) - -1.
-3
Calculate (-9 - -4) + 1 + -3 + 3.
-4
8 + -1 - (-2 - -9)
0
1 + (-1 - (-3 - -3)) + -4
-4
(-3 - 1) + (19 - 16)
-1
Calculate -12 + -2 - (-5 + -3).
-6
Calculate -10 + 0 + (32 - 25).
-3
Calculate -5 + (18 + -8 - (2 - -3)).
0
1 - 1 - (12 + -4 + -6)
-2
Calculate -2 + -2 + (-3 - -9).
2
What is 8 + (13 - 2 - 14)?
5
What is the value of (-4 - -2) + (-12 - -13)?
-1
Calculate 10 + (1 + 11 - 6) + -10.
6
What is the value of 3 + -7 + -1 + -1 + 4?
-2
6 + -1 + -2 - (11 + -4)
-4
What is 3 - (-4 + 1 + (29 - 28))?
5
What is the value of -16 - -20 - (-2 + -1)?
7
Calculate 6 + 4 + -9 - 6 - -1.
-4
What is 2 + (-5 + 0 - -4)?
1
What is the value of (-20 - -20) + (0 - -1) + -5?
-4
Calculate (-2 - (1 + 6)) + 17.
8
What is -3 + 7 - (3 + -4)?
5
Evaluate 23 - 27 - (1 + -11).
6
Calculate 1 + -2 + 9 + -4 + -4.
0
What is the value of 7 + (-3 - -5 - 12)?
-3
Calculate -2 + (-6 - (-5 + -7)).
4
What is -4 - (0 + (-2 - 0))?
-2
8 + -10 + 2 + 4 + 0
4
What is the value of 6 + -9 + (-8 - -13)?
2
Calculate -3 - -1 - -2 - (4 + 2).
-6
Calculate (4 + -3 - 7) + 0.
-6
-2 - (-3 + -8 + 3)
6
Calculate -6 - (0 - -1) - (-9 + 3).
-1
What is -14 + 3 + 1 + -3 + 8?
-5
What is the value of -1 + (-1 + 5 - (4 + -3))?
2
Evaluate -3 + (5 - (17 - (2 + 4))).
-9
What is the value of -2 + -7 + 6 - 1?
-4
-13 + 10 - (-1 - 5)
3
Evaluate 5 + (0 - (-2 - (0 - 7))).
0
Calculate (3 - 1 - -8) + -4.
6
(-2 - (-2 - (3 + -3))) + -1
-1
Calculate -1 - (-1 + 3 + -3).
0
What is the value of 9 + -8 + 1 - (1 + -1)?
2
Evaluate (0 - 3) + (14 - 16).
-5
What is 8 - (-7 - (0 + -13))?
2
What is the value of 14 - 11 - (0 + 0 - -2)?
1
What is the value of 3 + (-35 - -31 - (-1 - -2))?
-2
Evaluate -11 + (13 - (-14 + 15)).
1
What is 6 - (10 + -3) - 5 - 1?
-7
What is the value of -16 + 13 - (-1 - (-1 + 1))?
-2
8 + (-9 - (2 + -2))
-1
What is -5 + (11 - (-6 - (-13 - -2)))?
1
2 + -1 + (4 - -1 - 7)
-1
What is the value of 6 + (-13 - (-3 - -3))?
-7
Calculate 0 - (2 - 6) - (25 - 18).
-3
Calculate (3 - 0) + (-3 - -4 - 4).
0
Evaluate -6 + 4 - (2 - 0).
-4
Calculate 2 + (0 + -7 - 0).
-5
Calculate 1 + -4 + 1 + 2 + -1.
-1
5 + -1 + -3 + 4
5
What is the value of 12 + -2 + -18 - -16?
8
What is -6 + 18 + -9 + -8?
-5
Evaluate 1 + (-2 - 6 - -9).
2
Calculate (1 - 7) + 14 + 28 + -28.
8
What is the value of -6 + -1 + -10 + (12 - -3)?
-2
-3 - -2 - (-38 - -34)
3
What is the value of 2 + -5 + 2 + -1?
-2
Calculate 9 + 0 - (-2 - -5).
6
Evaluate -3 + -5 + 5 - (9 + -7).
-5
Evaluate (-1 - -3) + -2 - 3 - -2.
-1
What is the value of 0 - (-1 - 5 - -4)?
2
What is the value of -6 - (-7 + (11 - 3 - 7))?
0
What is (0 - -1 - 4 - 0) + 1?
-2
Calculate 11 - (7 + -1) - 12.
-7
What is the value of -2 - 1 - 2 - -4?
-1
9 - (-10 - 0 - -18)
1
-36 + 32 + -2 + 9 + 1
4
-5 - (1 + -1) - (2 + -7)
0
What is the value of 8 - 4 - 2 - 5?
-3
Calculate (-6 - -4) + 12 - (17 - 9).
2
Calculate 0 + 0 - (14 + -11).
-3
Evaluate (10 - -4) + -9 - 4.
1
Calculate (-6 - (1 - 1)) + 6.
0
-2 + (3 - 1) + -3 + 7
4
Evaluate 4 + (1 - 0 - (-11 - -11)).
5
What is the value of 2 - 2 - -5 - (-15 + 15)?
5
15 - (14 + (-5 - 2) - 2)
10
Evaluate 5 + 0 - (3 + (-4 - -3)).
3
Evaluate 1 + (-17 - -5 - -4) + 2.
-5
What is (-2 - -9) + -4 + 2 +